+ y(l). What are the prime factors of o(0)?
59
Let u be (3/(-2))/(-3 + (-287)/(-98)). Suppose 111 = 22*f - u*f. What are the prime factors of f?
3, 37
Suppose 2*z = 4, 4*v - 5*v - 10 = -4*z. Let s be v + 1/((-2)/(-4)). Suppose -3*r + 2*b = -113, s = -6*r + 2*r + 4*b + 144. List the prime factors of r.
41
Let i(o) = 378*o - 37. What are the prime factors of i(3)?
1097
Let q be 10/1*6/4. Suppose -3*u = 5*l - 2*l - 300, 5*l = q. List the prime factors of u.
97
Let w = 21 + -10. Suppose 2*n = 3*o - 2534, 3*o - 867 = -5*n + 1681. List the prime factors of o/66 + 2/w.
13
Suppose -4*s + 23*s = 21603. List the prime factors of s.
3, 379
Let h be (-6*(-3)/(-6))/(-1). Let b be ((-2)/h)/(4/(-24)). List the prime factors of (-348)/(-22) + b/22.
2
Let h(m) = -21*m - 1. Suppose 13 + 12 = -5*i + a, 4*a - 20 = 0. Let l be (i/(-10))/(8/(-40)). What are the prime factors of h(l)?
41
Let r be (115/(-35) + 3)*-14. Suppose r*q + 132 = 4*a, -3*a - 2*q = -0*a - 94. What are the prime factors of a?
2
Let c(o) = o**3 - 4*o**2 + o + 24. Let d be c(8). Suppose 2*p - d = 64. List the prime factors of p.
2, 11
Suppose 0 = -4*z - 2*w - w + 249, -3 = -w. Suppose -3*y - 48 = -4*k + 2*y, -5*k - 5*y + z = 0. List the prime factors of k.
2, 3
Let y(f) = 551*f + 126. What are the prime factors of y(10)?
2, 1409
Let i = -606 - -1235. List the prime factors of i.
17, 37
Let o = 35 + -21. Let v be 1 - 4 - 14/o. Let z(m) = -13*m - 3. List the prime factors of z(v).
7
Let o = -3298 - -4727. What are the prime factors of o?
1429
Let k = -1067 - -1298. What are the prime factors of k?
3, 7, 11
Let a(t) = -t**2 - 4*t + 11. Let j be a(-6). Let y(w) = -143*w**3 + 2*w**2 + w. What are the prime factors of y(j)?
2, 3
Let z(l) = l**2 + 7*l + 4. Let n be z(-7). Let b = 32 + -26. Suppose -n*c + 54 = 2*s, -b*c + 79 = -2*c - 3*s. List the prime factors of c.
2
Let a = 9 - 7. Let u be (16/(-5))/(a/(-20)). Let b = -15 + u. What are the prime factors of b?
17
Suppose 4*z = -4*d + 976, 0 = -4*d + 6*z - 3*z + 997. List the prime factors of d.
13, 19
Suppose 21*r - 42 = 23*r. Let h = 60 + r. List the prime factors of h.
3, 13
Let u(i) = -i**3 - 7*i**2 + 9*i + 2. Let w be u(-8). Let z be 5 - 12/(2 + w). Suppose z*s = 5*s + 63. What are the prime factors of s?
3, 7
Suppose -h - p + 208 = 0, 4*p + 0 = 20. What are the prime factors of h?
7, 29
Suppose -8*u - 1 - 31 = 0. List the prime factors of (-166)/(-3 - u)*-1.
2, 83
Let c(u) be the third derivative of -u**5/60 + u**4/4 - 2*u**3/3 - 4*u**2. Suppose s - 2*d - 3 = 0, 0*s = -5*s - d + 15. What are the prime factors of c(s)?
5
Let r(s) = -s**2 + s - 9. Let o be r(0). Let q be o*20/(-12)*1. Suppose 2*h - 23 = q. List the prime factors of h.
19
Suppose 0*c + 5*c = 660. Suppose g = -4*p - g + c, 0 = -p + 2*g + 33. What are the prime factors of p?
3, 11
Let p(m) = m**3 + 18*m**2 - 8*m + 39. Let n = 19 - 37. What are the prime factors of p(n)?
3, 61
Let m = 989 + -330. What are the prime factors of m?
659
Suppose -5*d = 5*k - 1305, 1042 = 4*k - 0*d + 3*d. Let r = 489 - k. What are the prime factors of r?
2, 5, 23
Let w(j) = -2*j - 28 - 5*j + 26. Let h be w(1). Let r(z) = -4*z - 18. List the prime factors of r(h).
2, 3
Let t(o) = 21*o**2 - 10*o - 13. List the prime factors of t(-6).
11, 73
Suppose -7*i - 5*f + 353 = -3*i, 2*i - 5*f = 169. Let w = 68 + -29. Let c = i - w. List the prime factors of c.
2, 3
Let l = 1 + 4. Suppose 0 = -4*d - l*f - 3, d + 0 = 4*f + 15. Suppose 4*g = 3*a + 44, -2*a + 32 = d*g - 4*a. What are the prime factors of g?
2
Let f = -105 + 551. Let k = 658 - f. What are the prime factors of k?
2, 53
Let q(l) be the first derivative of -21*l**2/2 + 21*l + 29. What are the prime factors of q(-9)?
2, 3, 5, 7
Let n = -1020 + 589. Let d = n + 665. Suppose 0 = -4*p + o + d, 148 = 5*p + 2*o - 138. What are the prime factors of p?
2, 29
Suppose -4*l = 3*v + 18 + 2, 5*v - 4*l = 20. Suppose -2*z + 7*z - 6660 = v. List the prime factors of z/30 - (-2)/(-5).
2, 11
Let a(n) = -9*n**3 - 4*n**2 - 3*n - 2. Let w be a(-2). Suppose 6*d + w = 8*d. What are the prime factors of d?
2, 3, 5
Let x(j) = -j**3 + 24*j**2 + 28*j - 61. Let d be x(25). Let u(v) = 14*v - 62. List the prime factors of u(d).
2, 67
Let f(k) be the second derivative of k**4/6 + k**3/2 + k**2/2 - 14*k. Suppose 2*d + 10 = -3*d. List the prime factors of f(d).
3
Suppose 9*m - 1415 = 12778. List the prime factors of m.
19, 83
Let o be 4*((-20)/8 - -3). Let q be o/((-9)/(-2) - 4). Suppose -3*a - 131 = -q*h, 0 = h - a - 32. List the prime factors of h.
5, 7
Let s(h) = -3*h - 14. Let d be s(-5). Let l(b) = 144*b**3 - 4*b**2 + 4*b + 1. List the prime factors of l(d).
5, 29
Suppose -701 = -a + s, 4*a + 6*s - 2798 = 7*s. List the prime factors of a.
3, 233
Let b be (-4)/14 - (-3 - (-178)/14). What are the prime factors of 1*-2*3*45/b?
3
Suppose 3*w + 722 = 3023. List the prime factors of w.
13, 59
Suppose 5*l = -9*l + 5348. What are the prime factors of l?
2, 191
Let m(k) = -116*k + 179. List the prime factors of m(-18).
2267
Suppose t + 59 = 503. Suppose 5*q + q - t = 0. List the prime factors of q.
2, 37
Let n(y) = 3*y**2 - 3*y + 2. Let l(t) be the first derivative of -t**3/3 + 5*t**2 - 13*t + 10. Let f be l(9). What are the prime factors of n(f)?
2, 31
Let k(c) = c**2 + 20*c + 21. Let f be k(-18). Let p be (-9)/((-6)/(-20)*-1). Let s = p + f. What are the prime factors of s?
3, 5
Let b = 71 + -71. Suppose b = 2*p - 3*x - 46 - 29, -37 = -p + x. What are the prime factors of p?
2, 3
Suppose 0 = -v + 3*q + 1, 2*v + 3 = 5*q + 5. Let t be 1/((-4)/48*v). List the prime factors of 2/3 + (-232)/t.
2, 5
Let o = -3351 - -5959. List the prime factors of o.
2, 163
Let l = -70 + 257. Suppose -2*m = -z - 33 + 119, 0 = -2*z - m + l. Suppose 5*r - 90 - 70 = 3*k, -3*r + k + z = 0. What are the prime factors of r?
29
Suppose 15*d - 8*d + 7 = 0. Let u(z) = -38*z**3 - z**2 - z - 1. What are the prime factors of u(d)?
37
Let h be 6/4*(4 - 5 - 1). Let k(x) = 16*x**2 + 4*x. List the prime factors of k(h).
2, 3, 11
Let d = 2834 + -918. List the prime factors of d.
2, 479
Let w(d) = 6*d**2 - 183*d - 59. List the prime factors of w(43).
2, 1583
Let d(r) = 18*r**2 + r. Let q = 15 - 10. Suppose -4*h + q = 13. List the prime factors of d(h).
2, 5, 7
Let m be ((-28)/(-21))/(2/(-6)). Let r be m/(3 - (-52)/(-12)). Suppose 3*j = r*y + 137 - 26, 0 = 5*j + y - 161. What are the prime factors of j?
3, 11
Let d = 112 + -112. Suppose -7*k + 872 - 123 = d. List the prime factors of k.
107
Suppose -5*u + 13 = -2. Suppose -y = -u*l + 4*y - 10, -10 = l - 3*y. Suppose l*k - 79 - 6 = 0. What are the prime factors of k?
17
Let d = 9 + -7. Suppose 108 + 120 = -4*c - 4*h, d*c = -3*h - 110. Let j = -41 - c. List the prime factors of j.
2, 5
Let r(v) = -v**2 + 14*v + 5. Let s be 12 - (1 + 1)/(-2). List the prime factors of r(s).
2, 3
Let g = 6594 - 3761. List the prime factors of g.
2833
What are the prime factors of 5*20*5382/184?
3, 5, 13
Let a(d) = -62*d**3 + 2*d**2 + 2*d + 1. Let b = 2 + -3. Let z be a(b). What are the prime factors of z/(-14)*4/(-3)?
2, 3
Let y = -236 + 109. Let u = 193 + y. List the prime factors of u.
2, 3, 11
Let x = -1123 - -1907. What are the prime factors of x?
2, 7
Suppose -4*f = -3*f. Suppose f = -i + 6 - 1. What are the prime factors of i?
5
Suppose 6*s = 4*s + 24. List the prime factors of (1 - 12)/(s/(-72)).
2, 3, 11
Let r(b) = -b**3 + 22*b**2 + 14*b - 38. List the prime factors of r(21).
17, 41
Suppose 4*u = -0*u - 16, 4*b = -3*u + 132. Suppose -b*h + 31*h = -90. What are the prime factors of h?
2, 3
Let v = 18 - 2. What are the prime factors of (692/v - 2)/(2/8)?
3, 5, 11
Suppose -6*b + 395 = -1483. What are the prime factors of b?
313
Suppose -53*f - 22792 = -64*f. List the prime factors of f.
2, 7, 37
Suppose -5*s = g - 7565, 2*s + 171*g - 176*g = 3053. List the prime factors of s.
2, 757
Let n be (-3 + (-13 - -1))/(-1). Suppose 3*i - 2*i + 4*v = n, 5*v = -5*i + 15. What are the prime factors of 25 + 0 + 3/i?
2, 11
Let s(v) = -v**2 - 4*v + 3*v**3 - 68 + 71 - v + 2*v. Let l be s(-3). Let d = l + 126. List the prime factors of d.
2, 3
Let s(w) = 2046*w - 57. What are the prime factors of s(1)?
3, 13, 17
Let u(f) = -12*f - 10. Let h be u(-4). Let v(a) = -9*a - 2. Let x be v(-1). Suppose x*c - h = 6*c. List 